{"id":3868,"date":"2024-06-24T08:18:13","date_gmt":"2024-06-24T08:18:13","guid":{"rendered":"https:\/\/brookhillprimary.edu.rs\/events\/priredba-povodom-zavrsetka-skole-matura\/"},"modified":"2024-10-01T08:25:26","modified_gmt":"2024-10-01T08:25:26","slug":"priredba-povodom-zavrsetka-skole-matura","status":"publish","type":"events","link":"https:\/\/brookhillprimary.edu.rs\/sr\/events\/priredba-povodom-zavrsetka-skole-matura\/","title":{"rendered":"Priredba povodom zavr\u0161etka \u0161kole\/matura"},"content":{"rendered":"\n<p>Kako se \u0161kolska godina bli\u017ei kraju, prise\u0107amo se zanimljivih aktivnosti  koje su na\u0161i u\u010denici, nastavnici i zajednica imali. Od uzbudljivih izleta i zanimljivih aktivnosti u u\u010dionici do nezaboravnih doga\u0111aja i izuzetnih dostignuc\u0301a, imali smo godinu ispunjenu rastom, u\u010denjem i rado\u0161c\u0301u.<\/p>\n\n<figure class=\"wp-block-image size-large\"><img decoding=\"async\" width=\"1024\" height=\"768\" src=\"https:\/\/brookhillprimary.edu.rs\/wp-content\/uploads\/2024\/09\/end-of-year-ceremony-bh-2-1024x768.jpg\" alt=\"\" class=\"wp-image-3835\" srcset=\"https:\/\/brookhillprimary.edu.rs\/wp-content\/uploads\/2024\/09\/end-of-year-ceremony-bh-2-1024x768.jpg 1024w, https:\/\/brookhillprimary.edu.rs\/wp-content\/uploads\/2024\/09\/end-of-year-ceremony-bh-2-300x225.jpg 300w, https:\/\/brookhillprimary.edu.rs\/wp-content\/uploads\/2024\/09\/end-of-year-ceremony-bh-2-768x576.jpg 768w, https:\/\/brookhillprimary.edu.rs\/wp-content\/uploads\/2024\/09\/end-of-year-ceremony-bh-2-20x15.jpg 20w, https:\/\/brookhillprimary.edu.rs\/wp-content\/uploads\/2024\/09\/end-of-year-ceremony-bh-2.jpg 1200w\" sizes=\"(max-width: 1024px) 100vw, 1024px\" \/><\/figure>\n\n<p>Hvala divnim nastavnicima \u0161to su podr\u017eavali na\u0161e u\u010denike, a tako\u0111e veliko hvala roditeljima koji su tokom cele \u0161kolske godine bili uz nas.<\/p>\n\n<figure class=\"wp-block-image size-large\"><img decoding=\"async\" width=\"1024\" height=\"768\" src=\"https:\/\/brookhillprimary.edu.rs\/wp-content\/uploads\/2024\/09\/end-of-year-ceremony-bh-1-1024x768.jpg\" alt=\"\" class=\"wp-image-3837\" srcset=\"https:\/\/brookhillprimary.edu.rs\/wp-content\/uploads\/2024\/09\/end-of-year-ceremony-bh-1-1024x768.jpg 1024w, https:\/\/brookhillprimary.edu.rs\/wp-content\/uploads\/2024\/09\/end-of-year-ceremony-bh-1-300x225.jpg 300w, https:\/\/brookhillprimary.edu.rs\/wp-content\/uploads\/2024\/09\/end-of-year-ceremony-bh-1-768x576.jpg 768w, https:\/\/brookhillprimary.edu.rs\/wp-content\/uploads\/2024\/09\/end-of-year-ceremony-bh-1-20x15.jpg 20w, https:\/\/brookhillprimary.edu.rs\/wp-content\/uploads\/2024\/09\/end-of-year-ceremony-bh-1.jpg 1200w\" sizes=\"(max-width: 1024px) 100vw, 1024px\" \/><\/figure>\n\n<p>Ovaj dan je bio veoma va\u017ean za year 6, jer je to bio i njihov maturski dan. Zavr\u0161ili su key 2 fazu i od slede\u0107e \u0161kolske godine kre\u0107u u year 7 i zapo\u010dinju  key 3 fazu i srednju \u0161kolu.<\/p>\n\n<figure class=\"wp-block-image size-large\"><img decoding=\"async\" width=\"1024\" height=\"768\" src=\"https:\/\/brookhillprimary.edu.rs\/wp-content\/uploads\/2024\/09\/end-of-year-ceremony-bh-3-1024x768.jpg\" alt=\"\" class=\"wp-image-3839\" srcset=\"https:\/\/brookhillprimary.edu.rs\/wp-content\/uploads\/2024\/09\/end-of-year-ceremony-bh-3-1024x768.jpg 1024w, https:\/\/brookhillprimary.edu.rs\/wp-content\/uploads\/2024\/09\/end-of-year-ceremony-bh-3-300x225.jpg 300w, https:\/\/brookhillprimary.edu.rs\/wp-content\/uploads\/2024\/09\/end-of-year-ceremony-bh-3-768x576.jpg 768w, https:\/\/brookhillprimary.edu.rs\/wp-content\/uploads\/2024\/09\/end-of-year-ceremony-bh-3-20x15.jpg 20w, https:\/\/brookhillprimary.edu.rs\/wp-content\/uploads\/2024\/09\/end-of-year-ceremony-bh-3.jpg 1200w\" sizes=\"(max-width: 1024px) 100vw, 1024px\" \/><\/figure>\n\n<p>\u010cestitamo svima!<\/p>\n\n<p><\/p>\n","protected":false},"featured_media":3842,"template":"","categories":[],"tags":[],"event-category":[37],"class_list":["post-3868","events","type-events","status-publish","has-post-thumbnail","hentry","event-category-welcome-evening-sr"],"_links":{"self":[{"href":"https:\/\/brookhillprimary.edu.rs\/sr\/wp-json\/wp\/v2\/events\/3868","targetHints":{"allow":["GET"]}}],"collection":[{"href":"https:\/\/brookhillprimary.edu.rs\/sr\/wp-json\/wp\/v2\/events"}],"about":[{"href":"https:\/\/brookhillprimary.edu.rs\/sr\/wp-json\/wp\/v2\/types\/events"}],"wp:featuredmedia":[{"embeddable":true,"href":"https:\/\/brookhillprimary.edu.rs\/sr\/wp-json\/wp\/v2\/media\/3842"}],"wp:attachment":[{"href":"https:\/\/brookhillprimary.edu.rs\/sr\/wp-json\/wp\/v2\/media?parent=3868"}],"wp:term":[{"taxonomy":"category","embeddable":true,"href":"https:\/\/brookhillprimary.edu.rs\/sr\/wp-json\/wp\/v2\/categories?post=3868"},{"taxonomy":"post_tag","embeddable":true,"href":"https:\/\/brookhillprimary.edu.rs\/sr\/wp-json\/wp\/v2\/tags?post=3868"},{"taxonomy":"event-category","embeddable":true,"href":"https:\/\/brookhillprimary.edu.rs\/sr\/wp-json\/wp\/v2\/event-category?post=3868"}],"curies":[{"name":"wp","href":"https:\/\/api.w.org\/{rel}","templated":true}]}}

Priredba povodom završetka škole/matura

<p>Kako se školska godina bliži kraju, prisećamo se zanimljivih aktivnosti  koje su naši učenici, nastavnici i zajednica imali. Od uzbudljivih izleta i zanimljivih aktivnosti u učionici do nezaboravnih događaja i izuzetnih dostignuća, imali smo godinu ispunjenu rastom, učenjem i radošću.</p>

<figure class="wp-block-image size-large"><img decoding="async" width="1024" height="768" src="https://brookhillprimary.edu.rs/wp-content/uploads/2024/09/end-of-year-ceremony-bh-2-1024x768.jpg" alt="" class="wp-image-3835" srcset="https://brookhillprimary.edu.rs/wp-content/uploads/2024/09/end-of-year-ceremony-bh-2-1024x768.jpg 1024w, https://brookhillprimary.edu.rs/wp-content/uploads/2024/09/end-of-year-ceremony-bh-2-300x225.jpg 300w, https://brookhillprimary.edu.rs/wp-content/uploads/2024/09/end-of-year-ceremony-bh-2-768x576.jpg 768w, https://brookhillprimary.edu.rs/wp-content/uploads/2024/09/end-of-year-ceremony-bh-2-20x15.jpg 20w, https://brookhillprimary.edu.rs/wp-content/uploads/2024/09/end-of-year-ceremony-bh-2.jpg 1200w" sizes="(max-width: 1024px) 100vw, 1024px" /></figure>

<p>Hvala divnim nastavnicima što su podržavali naše učenike, a takođe veliko hvala roditeljima koji su tokom cele školske godine bili uz nas.</p>

<figure class="wp-block-image size-large"><img decoding="async" width="1024" height="768" src="https://brookhillprimary.edu.rs/wp-content/uploads/2024/09/end-of-year-ceremony-bh-1-1024x768.jpg" alt="" class="wp-image-3837" srcset="https://brookhillprimary.edu.rs/wp-content/uploads/2024/09/end-of-year-ceremony-bh-1-1024x768.jpg 1024w, https://brookhillprimary.edu.rs/wp-content/uploads/2024/09/end-of-year-ceremony-bh-1-300x225.jpg 300w, https://brookhillprimary.edu.rs/wp-content/uploads/2024/09/end-of-year-ceremony-bh-1-768x576.jpg 768w, https://brookhillprimary.edu.rs/wp-content/uploads/2024/09/end-of-year-ceremony-bh-1-20x15.jpg 20w, https://brookhillprimary.edu.rs/wp-content/uploads/2024/09/end-of-year-ceremony-bh-1.jpg 1200w" sizes="(max-width: 1024px) 100vw, 1024px" /></figure>

<p>Ovaj dan je bio veoma važan za year 6, jer je to bio i njihov maturski dan. Završili su key 2 fazu i od sledeće školske godine kreću u year 7 i započinju  key 3 fazu i srednju školu.</p>

<figure class="wp-block-image size-large"><img decoding="async" width="1024" height="768" src="https://brookhillprimary.edu.rs/wp-content/uploads/2024/09/end-of-year-ceremony-bh-3-1024x768.jpg" alt="" class="wp-image-3839" srcset="https://brookhillprimary.edu.rs/wp-content/uploads/2024/09/end-of-year-ceremony-bh-3-1024x768.jpg 1024w, https://brookhillprimary.edu.rs/wp-content/uploads/2024/09/end-of-year-ceremony-bh-3-300x225.jpg 300w, https://brookhillprimary.edu.rs/wp-content/uploads/2024/09/end-of-year-ceremony-bh-3-768x576.jpg 768w, https://brookhillprimary.edu.rs/wp-content/uploads/2024/09/end-of-year-ceremony-bh-3-20x15.jpg 20w, https://brookhillprimary.edu.rs/wp-content/uploads/2024/09/end-of-year-ceremony-bh-3.jpg 1200w" sizes="(max-width: 1024px) 100vw, 1024px" /></figure>

<p>Čestitamo svima!</p>

<p></p>
